the highest common divisor of 693151 and 322.
23
Calculate the greatest common factor of 1064437 and 1353.
11
Calculate the greatest common factor of 1410872 and 248.
248
What is the highest common divisor of 99281 and 1781?
13
Calculate the greatest common factor of 577 and 1230604828.
577
Calculate the greatest common divisor of 4 and 10471179.
1
Calculate the highest common factor of 8 and 225965368.
8
What is the greatest common factor of 219 and 168338?
73
What is the greatest common divisor of 34390187 and 26?
13
What is the highest common divisor of 222368 and 64?
32
What is the highest common factor of 2070174 and 47142?
582
What is the highest common factor of 475830 and 10?
10
What is the highest common divisor of 134152 and 697?
41
Calculate the greatest common factor of 10560 and 233232.
48
Calculate the greatest common divisor of 376270 and 12214.
394
What is the greatest common divisor of 1589925 and 1259325?
2175
Calculate the greatest common factor of 51775 and 165300.
475
Calculate the greatest common divisor of 113728522 and 31.
31
What is the greatest common factor of 1986139 and 3186149?
2449
What is the greatest common factor of 678 and 91892730?
678
Calculate the highest common factor of 1086436 and 11061.
1229
What is the highest common factor of 167328283 and 227?
227
What is the greatest common factor of 174371 and 142792?
1373
What is the highest common divisor of 3985 and 6671687?
797
What is the greatest common factor of 302748 and 14136?
12
Calculate the greatest common factor of 1245861 and 32805.
729
Calculate the highest common factor of 41656 and 14385544.
1016
What is the highest common factor of 1717 and 2394609?
101
Calculate the highest common factor of 223401 and 16498.
113
Calculate the greatest common factor of 2889938 and 336300.
2242
What is the highest common divisor of 1058304 and 22578?
318
Calculate the highest common divisor of 29946 and 836101.
217
What is the highest common factor of 120336 and 177744?
1104
Calculate the highest common factor of 5093850 and 300.
150
What is the highest common factor of 3209216 and 832?
64
What is the greatest common factor of 50554 and 77280?
322
What is the highest common factor of 505306 and 74?
2
What is the greatest common factor of 41 and 767671249?
41
What is the highest common factor of 12 and 5670708?
12
Calculate the greatest common factor of 17205 and 7337235.
465
Calculate the greatest common divisor of 80771 and 51979.
59
Calculate the greatest common factor of 33921 and 119285081.
3769
What is the highest common divisor of 32294 and 10614140?
134
What is the greatest common factor of 46206554 and 2351?
2351
What is the greatest common factor of 2987 and 243687?
29
Calculate the greatest common divisor of 2620505 and 27715.
115
Calculate the greatest common divisor of 1171928 and 63383.
263
Calculate the greatest common factor of 2399245 and 4309.
31
What is the greatest common divisor of 185629930 and 590?
590
Calculate the highest common divisor of 23 and 19461059.
23
Calculate the highest common divisor of 8476 and 6201987.
163
What is the greatest common factor of 129078912 and 384?
384
What is the highest common factor of 27284187 and 6279?
483
Calculate the highest common factor of 834 and 675537498.
834
Calculate the greatest common factor of 214023726 and 18510.
3702
Calculate the greatest common factor of 1461 and 2953168.
487
Calculate the greatest common divisor of 83619448 and 352.
88
Calculate the greatest common factor of 1318277 and 2.
1
Calculate the greatest common factor of 1192536027 and 162.
81
What is the greatest common divisor of 244 and 82125764?
244
What is the highest common divisor of 8724 and 613588?
2908
Calculate the greatest common factor of 1409755 and 166.
83
What is the highest common factor of 40 and 170983845?
5
Calculate the highest common divisor of 22809254 and 88426.
4654
What is the greatest common factor of 1869 and 20625?
3
Calculate the highest common divisor of 31614 and 23397.
33
What is the greatest common factor of 728466156 and 1254?
1254
Calculate the highest common factor of 545 and 1209825.
5
Calculate the highest common divisor of 5503733 and 2947.
421
Calculate the greatest common factor of 396 and 8358009.
33
Calculate the highest common divisor of 50 and 4789960.
10
What is the greatest common divisor of 168742 and 10318?
14
Calculate the highest common divisor of 132 and 65488236.
132
What is the greatest common divisor of 67695670 and 40250?
1610
Calculate the greatest common factor of 26399380 and 2380.
140
What is the greatest common factor of 700 and 14089300?
100
What is the highest common divisor of 2979 and 267779?
331
What is the highest common divisor of 175 and 240515975?
175
What is the greatest common factor of 9104069 and 4749485?
10673
What is the greatest common divisor of 723289 and 34713?
203
What is the greatest common divisor of 42624 and 719262?
18
What is the highest common factor of 955966396 and 132?
44
What is the greatest common factor of 24531 and 169779?
51
What is the greatest common factor of 514576088 and 1976?
1976
What is the greatest common factor of 6080 and 49657792?
1216
What is the highest common factor of 8427654 and 4482?
1494
What is the highest common divisor of 290424060 and 135?
45
What is the greatest common factor of 6747419 and 238?
119
Calculate the greatest common factor of 3555 and 10158840.
45
What is the highest common factor of 56298 and 1551?
33
What is the highest common divisor of 2726 and 1410000?
94
Calculate the highest common factor of 126359352 and 9968.
4984
What is the highest common divisor of 31318 and 38250463?
2237
Calculate the greatest common divisor of 208245 and 5625.
15
What is the highest common factor of 12100 and 130300?
100
Calculate the highest common factor of 447190 and 861678.
394
What is the greatest common factor of 68833 and 101139971?
4049
What is the highest common factor of 50175082 and 107?
107
Calculate the highest common divisor of 1019256 and 1320.
24
What is the highest common divisor of 119761 and 3566795?
5207
What is the greatest common divisor of 166320 and 18289425?
1155
What is the greatest common divisor of 937 and 15397721?
937
What is the greatest common divisor of 13820110 and 10?
10
Calculate the greatest common factor of 370 and 95628535.
185
Calculate the highest common divisor of 45218313 and 63.
63
Calculate the greatest common divisor of 300368442 and 11.
11
Calculate the highest common divisor of 8 and 299784412.
4
Calculate the highest common divisor of 474 and 969115278.
474
Calculate the highest common divisor of 553826 and 156.
26
Calculate the highest common divisor of 24869623 and 679431.
6121
What is the highest common factor of 321850 and 195775?
1025
What is the highest common divisor of 104 and 2261305644?
52
What is the highest common factor of 69536 and 352?
32
What is the greatest common factor of 5187975 and 151827?
663
What is the highest common factor of 159937936 and 8?
8
What is the highest common divisor of 5640 and 6430728?
1128
Calculate the greatest common factor of 7098 and 6058988.
338
Calculate the greatest common divisor of 52 and 449417904.
52
Calculate the highest common divisor of 14 and 2362752.
14
Calculate the greatest common divisor of 1423557 and 671.
61
Calculate the greatest common divisor of 18335892 and 3408.
852
Calculate the greatest common factor of 1759420 and 355.
5
What is the highest common factor of 837 and 45269331?
93
Calculate the highest common divisor of 6683 and 738205.
41
Calculate the highest common factor of 141548101 and 377.
29
What is the highest common divisor of 83430088 and 7?
7
What is the greatest common factor of 359 and 12154304?
359
What is the greatest common divisor of 113639255 and 290?
145
What is the highest common divisor of 15 and 3394029?
3
Calculate the greatest common divisor of 156 and 29151044.
52
What is the highest common factor of 6247365 and 15?
15
What is the greatest common divisor of 8991266 and 4556?
2278
What is the greatest common factor of 1849372 and 28?
28
Calculate the highest common factor of 27 and 57397.
1
Calculate the highest common divisor of 7421491 and 217.
7
Calculate the greatest comm